{"text_format":"1","workbook":"xlsx","n_sheets":4,"sheets":["Read Me","Request Summary","Bus Driver(s) Pay & Mileage","Refund Rate Table"],"not_rendered":{"charts":0,"images":9,"macros":1,"external_links":0,"defined_names":3,"comments":0,"pivot_tables":0},"unopened":[],"bounds":{"document_bytes":16777216,"sheet_cells":100000,"rows_first":2000,"rows_last":500,"rows_between":2000,"halvings":0,"cell_chars":16384,"cell_head_chars":4096},"cells_cut":0,"cells_raw":0,"read":"whole","date_system":"1900"}

{"sheet":"Read Me","index":0,"n_rows":0,"n_cols":0,"rows_kept":0,"cut":false,"hidden":false,"merged":[]}

{"sheet":"Request Summary","index":1,"n_rows":40,"n_cols":26,"rows_kept":40,"cut":false,"hidden":false,"merged":[[16,3,16,9],[4,3,4,5],[7,3,7,9],[8,3,8,9],[11,3,11,9],[2,2,2,11],[12,3,12,9],[13,3,13,9],[14,3,14,9],[15,3,15,9],[26,2,26,11],[22,2,22,11],[39,3,39,5],[17,3,17,5],[20,2,20,11],[35,2,35,11],[34,2,34,9],[18,3,18,5]]}
[]
[]
[null,null,"Early College Transportation Contingency Request",null,null,null,null,null,null,null,null,null,null,null,null,null,null,null,null,null,null,null,null,null,null," "]
[]
[null,null,null,"Select",null,null,null,"Select",null,{"$f":"IF(D5<>\"Select\",INDEX('Refund Rate Table'!C6:C120,    MATCH($D$5,'Refund Rate Table'!E6:E120,0)),\"\")","v":""},null,{"$f":"IF($D$5<>\"Select\",INDEX('Refund Rate Table'!D6:D120,    MATCH(D5,'Refund Rate Table'!E6:E120,0)),\"\")","v":""}]
[null,null,null,"(LEA Name)",null,null,null,"(Semester)",null,"(Plant #)",null,"(LEA #)"]
[]
[]
[null,null,null,"(Early College Name(s))",null,null,null,null,null,null,null,"(Date Completed)"]
[]
[null,null,"Contact Info:"]
[]
[null,null,null,"Name (First & Last)"]
[null,null,null,"Select"]
[null,null,null,"(Position)"]
[]
[null,null,null,"(Email)"]
[]
[null,null,null,"(Work Phone or Best Contact Number)",null,null,null,"(Ext.)"]
[]
[null,null,{"$f":"D5&\" Cost Summary:\"","v":"Select Cost Summary:"}]
[]
[null,null,"Semester Totals"]
[null,null,null,{"$f":"IF($D$5<>\"Select\",'Bus Driver(s) Pay & Mileage'!J4,\"\")","v":""},null,{"$f":"IF($D$5<>\"Select\",'Bus Driver(s) Pay & Mileage'!K4,\"\")","v":""}]
[null,null,null,"Semester Driver Cost",null,"Total Miles"]
[]
[null,null,"Refund Rates"]
[null,null,null,{"$f":"IF($D$5<>\"Select\",ROUND(INDEX('Refund Rate Table'!$F$6:$F$120,    MATCH($D$5,'Refund Rate Table'!$E$6:$E$120,0)),4),\"\")","v":""},null,{"$f":"IF($D$5<>\"Select\",ROUND(INDEX('Refund Rate Table'!$G$6:$G$120,    MATCH($D$5,'Refund Rate Table'!$E$6:$E$120,0)),4),\"\")","v":""},null,{"$f":"IF($D$5<>\"Select\",ROUND(INDEX('Refund Rate Table'!$H$6:$H$120,    MATCH($D$5,'Refund Rate Table'!$E$6:$E$120,0)),4),\"\")","v":""},null,{"$f":"IF($D$5<>\"Select\",ROUND(INDEX('Refund Rate Table'!$I$6:$I$120,    MATCH($D$5,'Refund Rate Table'!$E$6:$E$120,0)),4),\"\")","v":""},null,{"$f":"IF($D$5<>\"Select\",ROUND(SUM(D28,F28,H28,J28),4),\"\")","v":""}]
[null,null,null,"(Oil)",null,"(Tires)",null,"(Repair)",null,"(Fuel)",null,"(Cost per mile)"]
[]
[null,null,"Benefit Rates"]
[null,null,null,{"$f":"IF($D$5<>\"Select\",INDEX('Refund Rate Table'!$J$6:$J$120,    MATCH($D$5,'Refund Rate Table'!$E$6:$E$120,0)),\"\")","v":""},null,{"$f":"IF($D$5<>\"Select\",INDEX('Refund Rate Table'!$K$6:$K$120,    MATCH($D$5,'Refund Rate Table'!$E$6:$E$120,0)),\"\")","v":""},null,{"$f":"IF($D$5<>\"Select\",SUM(D32,F32),\"\")","v":""},null,{"$f":"IF($D$5<>\"Select\",ROUND(SUM(D24*H32),0),\"\")","v":""}]
[null,null,null,"(Social Security)",null,"(Retirement)",null,"(Rate Total)",null,"(Semester Total Benefits)"]
[]
[null,null,"Total Semester Cost"]
[]
[null,null,null,{"$f":"IF($D$5<>\"Select\",SUM(L28),\"\")","v":""},null,{"$f":"IF($D$5<>\"Select\",SUM(F24),\"\")","v":""},null,{"$f":"IF($D$5<>\"Select\",SUM(D24),\"\")","v":""},null,{"$f":"IF($D$5<>\"Select\",SUM(J32),\"\")","v":""},null,{"$f":"IF($D$5<>\"Select\",ROUND(D37*F37,0)+ROUND(SUM(H37,J37),0),\"\")","v":""}]
[null,null,null,"(Cost per Mile","x","Total Miles","+","Semester Driver Cost","+","Semester Total Beneits","=","Total Semester Benefits"]
[]
[null,null,null,"Rev. 12/14/2022 JLD"]

{"sheet":"Bus Driver(s) Pay & Mileage","index":2,"n_rows":160,"n_cols":16,"rows_kept":160,"cut":false,"hidden":false,"merged":[[6,2,7,2],[6,7,7,7],[6,3,7,3],[0,9,0,10],[6,9,7,9],[6,10,7,10],[6,6,7,6],[6,8,7,8],[6,4,7,4],[3,3,3,6]]}
[null,null,null,null,null,null,null,null,null,"Rev.  1/03/2023 JLD"]
[null,null,null,null,null,null,null,null,null,null,null,null,null,null,null,"AM Only"]
[null,null,null,null,null,null,null,null,null,null,null,null,null,null,null,"PM Only"]
[null,null,null,"Total Number Days Early College Operated During Semester",null,null,null,0,"Totals:",{"$f":"ROUND(SUM(J9:J158),0)","v":0},{"$f":"ROUND(SUM(K9:K158),1)","v":0},null,null,null,null,"Midday Only"]
[null,null,null,null,null,null,null,null,null,"Cost","Mileage",null,null,null,null,"AM & PM"]
[]
[null,null,"#","Driver's Name\n(First & Last)","Bus No. or \nRoute No.",null,"Daily \nRate of Pay\n(Early College Route)","Days \nOperated\n(<= 93 days)","Mileage \nper Day\n(Early College Route)","Total Semester\nDriver Cost \n(G * H)","Total Semester\nMileage\n(H * I)"]
[null,null,null,null,null,"Route Type (AM/PM)"]
[null,null,1,null,null,null,null,null,null,{"$f":"IF(AND($G9>0,$H9>0),ROUND($G9*$H9,4),\"\")","v":""},{"$f":"IF(AND($H9>0,$I9>0),$H9*$I9,\"\")","v":""}]
[null,null,2,null,null,null,null,null,null,{"$f":"IF(AND($G10>0,$H10>0),ROUND($G10*$H10,4),\"\")","v":""},{"$f":"IF(AND($H10>0,$I10>0),$H10*$I10,\"\")","v":""}]
[null,null,3,null,null,null,null,null,null,"",""]
[null,null,4,null,null,null,null,null,null,"",""]
[null,null,5,null,null,null,null,null,null,"",""]
[null,null,6,null,null,null,null,null,null,"",""]
[null,null,7,null,null,null,null,null,null,"",""]
[null,null,8,null,null,null,null,null,null,"",""]
[null,null,9,null,null,null,null,null,null,"",""]
[null,null,10,null,null,null,null,null,null,"",""]
[null,null,11,null,null,null,null,null,null,"",""]
[null,null,12,null,null,null,null,null,null,"",""]
[null,null,13,null,null,null,null,null,null,"",""]
[null,null,14,null,null,null,null,null,null,"",""]
[null,null,15,null,null,null,null,null,null,"",""]
[null,null,16,null,null,null,null,null,null,"",""]
[null,null,17,null,null,null,null,null,null,"",""]
[null,null,18,null,null,null,null,null,null,"",""]
[null,null,19,null,null,null,null,null,null,"",""]
[null,null,20,null,null,null,null,null,null,"",""]
[null,null,21,null,null,null,null,null,null,"",""]
[null,null,22,null,null,null,null,null,null,"",""]
[null,null,23,null,null,null,null,null,null,"",""]
[null,null,24,null,null,null,null,null,null,"",""]
[null,null,25,null,null,null,null,null,null,"",""]
[null,null,26,null,null,null,null,null,null,"",""]
[null,null,27,null,null,null,null,null,null,"",""]
[null,null,28,null,null,null,null,null,null,"",""]
[null,null,29,null,null,null,null,null,null,"",""]
[null,null,30,null,null,null,null,null,null,"",""]
[null,null,31,null,null,null,null,null,null,"",""]
[null,null,32,null,null,null,null,null,null,"",""]
[null,null,33,null,null,null,null,null,null,"",""]
[null,null,34,null,null,null,null,null,null,"",""]
[null,null,35,null,null,null,null,null,null,"",""]
[null,null,36,null,null,null,null,null,null,"",""]
[null,null,37,null,null,null,null,null,null,"",""]
[null,null,38,null,null,null,null,null,null,"",""]
[null,null,39,null,null,null,null,null,null,"",""]
[null,null,40,null,null,null,null,null,null,"",""]
[null,null,41,null,null,null,null,null,null,"",""]
[null,null,42,null,null,null,null,null,null,"",""]
[null,null,43,null,null,null,null,null,null,"",""]
[null,null,44,null,null,null,null,null,null,"",""]
[null,null,45,null,null,null,null,null,null,"",""]
[null,null,46,null,null,null,null,null,null,"",""]
[null,null,47,null,null,null,null,null,null,"",""]
[null,null,48,null,null,null,null,null,null,"",""]
[null,null,49,null,null,null,null,null,null,"",""]
[null,null,50,null,null,null,null,null,null,"",""]
[null,null,51,null,null,null,null,null,null,"",""]
[null,null,52,null,null,null,null,null,null,"",""]
[null,null,53,null,null,null,null,null,null,"",""]
[null,null,54,null,null,null,null,null,null,"",""]
[null,null,55,null,null,null,null,null,null,"",""]
[null,null,56,null,null,null,null,null,null,"",""]
[null,null,57,null,null,null,null,null,null,"",""]
[null,null,58,null,null,null,null,null,null,"",""]
[null,null,59,null,null,null,null,null,null,"",""]
[null,null,60,null,null,null,null,null,null,"",""]
[null,null,61,null,null,null,null,null,null,"",""]
[null,null,62,null,null,null,null,null,null,"",""]
[null,null,63,null,null,null,null,null,null,"",""]
[null,null,64,null,null,null,null,null,null,"",""]
[null,null,65,null,null,null,null,null,null,"",""]
[null,null,66,null,null,null,null,null,null,{"$f":"IF(AND($G74>0,$H74>0),ROUND($G74*$H74,4),\"\")","v":""},{"$f":"IF(AND($H74>0,$I74>0),$H74*$I74,\"\")","v":""}]
[null,null,67,null,null,null,null,null,null,"",""]
[null,null,68,null,null,null,null,null,null,"",""]
[null,null,69,null,null,null,null,null,null,"",""]
[null,null,70,null,null,null,null,null,null,"",""]
[null,null,71,null,null,null,null,null,null,"",""]
[null,null,72,null,null,null,null,null,null,"",""]
[null,null,73,null,null,null,null,null,null,"",""]
[null,null,74,null,null,null,null,null,null,"",""]
[null,null,75,null,null,null,null,null,null,"",""]
[null,null,76,null,null,null,null,null,null,"",""]
[null,null,77,null,null,null,null,null,null,"",""]
[null,null,78,null,null,null,null,null,null,"",""]
[null,null,79,null,null,null,null,null,null,"",""]
[null,null,80,null,null,null,null,null,null,"",""]
[null,null,81,null,null,null,null,null,null,"",""]
[null,null,82,null,null,null,null,null,null,"",""]
[null,null,83,null,null,null,null,null,null,"",""]
[null,null,84,null,null,null,null,null,null,"",""]
[null,null,85,null,null,null,null,null,null,"",""]
[null,null,86,null,null,null,null,null,null,"",""]
[null,null,87,null,null,null,null,null,null,"",""]
[null,null,88,null,null,null,null,null,null,"",""]
[null,null,89,null,null,null,null,null,null,"",""]
[null,null,90,null,null,null,null,null,null,"",""]
[null,null,91,null,null,null,null,null,null,"",""]
[null,null,92,null,null,null,null,null,null,"",""]
[null,null,93,null,null,null,null,null,null,"",""]
[null,null,94,null,null,null,null,null,null,"",""]
[null,null,95,null,null,null,null,null,null,"",""]
[null,null,96,null,null,null,null,null,null,"",""]
[null,null,97,null,null,null,null,null,null,"",""]
[null,null,98,null,null,null,null,null,null,"",""]
[null,null,99,null,null,null,null,null,null,"",""]
[null,null,100,null,null,null,null,null,null,"",""]
[null,null,101,null,null,null,null,null,null,"",""]
[null,null,102,null,null,null,null,null,null,"",""]
[null,null,103,null,null,null,null,null,null,"",""]
[null,null,104,null,null,null,null,null,null,"",""]
[null,null,105,null,null,null,null,null,null,"",""]
[null,null,106,null,null,null,null,null,null,"",""]
[null,null,107,null,null,null,null,null,null,"",""]
[null,null,108,null,null,null,null,null,null,"",""]
[null,null,109,null,null,null,null,null,null,"",""]
[null,null,110,null,null,null,null,null,null,"",""]
[null,null,111,null,null,null,null,null,null,"",""]
[null,null,112,null,null,null,null,null,null,"",""]
[null,null,113,null,null,null,null,null,null,"",""]
[null,null,114,null,null,null,null,null,null,"",""]
[null,null,115,null,null,null,null,null,null,"",""]
[null,null,116,null,null,null,null,null,null,"",""]
[null,null,117,null,null,null,null,null,null,"",""]
[null,null,118,null,null,null,null,null,null,"",""]
[null,null,119,null,null,null,null,null,null,"",""]
[null,null,120,null,null,null,null,null,null,"",""]
[null,null,121,null,null,null,null,null,null,"",""]
[null,null,122,null,null,null,null,null,null,"",""]
[null,null,123,null,null,null,null,null,null,"",""]
[null,null,124,null,null,null,null,null,null,"",""]
[null,null,125,null,null,null,null,null,null,"",""]
[null,null,126,null,null,null,null,null,null,"",""]
[null,null,127,null,null,null,null,null,null,"",""]
[null,null,128,null,null,null,null,null,null,"",""]
[null,null,129,null,null,null,null,null,null,"",""]
[null,null,130,null,null,null,null,null,null,{"$f":"IF(AND($G138>0,$H138>0),ROUND($G138*$H138,4),\"\")","v":""},{"$f":"IF(AND($H138>0,$I138>0),$H138*$I138,\"\")","v":""}]
[null,null,131,null,null,null,null,null,null,"",""]
[null,null,132,null,null,null,null,null,null,"",""]
[null,null,133,null,null,null,null,null,null,"",""]
[null,null,134,null,null,null,null,null,null,"",""]
[null,null,135,null,null,null,null,null,null,"",""]
[null,null,136,null,null,null,null,null,null,"",""]
[null,null,137,null,null,null,null,null,null,"",""]
[null,null,138,null,null,null,null,null,null,"",""]
[null,null,139,null,null,null,null,null,null,"",""]
[null,null,140,null,null,null,null,null,null,"",""]
[null,null,141,null,null,null,null,null,null,"",""]
[null,null,142,null,null,null,null,null,null,"",""]
[null,null,143,null,null,null,null,null,null,"",""]
[null,null,144,null,null,null,null,null,null,"",""]
[null,null,145,null,null,null,null,null,null,"",""]
[null,null,146,null,null,null,null,null,null,"",""]
[null,null,147,null,null,null,null,null,null,"",""]
[null,null,148,null,null,null,null,null,null,"",""]
[null,null,149,null,null,null,null,null,null,"",""]
[null,null,150,null,null,null,null,null,null,"",""]
[]
[null,"Office use:",null,{"$f":"ROUNDUP(SUM(MAX(30,COUNTIF(D9:D158,\"<>\"))/30),0)","v":1}]

{"sheet":"Refund Rate Table","index":3,"n_rows":120,"n_cols":15,"rows_kept":120,"cut":false,"hidden":false,"merged":[[2,2,2,4],[2,5,2,8],[2,9,2,10],[2,12,3,12],[2,14,3,14]]}
[null,null,null,null,null,null,null,null,null,null,null,null,null,null,"Updated:  1/3/2023 JLD"]
[]
[null,null,"LEA",null,null,"Refund Rates",null,null,null,"Benefits",null,null,"Semester",null,"Position"]
[null,null,"Plant #","LEA #","Name","Oil","Tires","Repair","Fuel","Social \nSecurity","Retirement"]
[null,null,null,null,"Select",null,null,null,null,null,null,null,"Select",null,"Select"]
[null,null,"6001","010","Alamance",6.9086653025352404E-3,3.37804362002916E-2,0.206369593937061,0.62539999999999996,7.6499999999999999E-2,0.245,null,"1st",null,"Director"]
[null,null,"6002","020","Alexander",9.1032778588228305E-3,3.6052263350627001E-2,0.11533553434630101,0.62539999999999996,7.6499999999999999E-2,0.245,null,"2nd",null,"Cost Inventory Clerk"]
[null,null,"6003","030","Alleghany",1.4402493851054399E-2,4.7876043304705497E-2,0.212930426192492,0.62539999999999996,7.6499999999999999E-2,0.245,null,null,null,"TIMS Cordinator"]
[null,null,"6004","040","Anson",8.7840183493235503E-3,4.3041917300932001E-2,0.173942915412613,0.62539999999999996,7.6499999999999999E-2,0.245,null,null,null,"Other"]
[null,null,"6005","050","Ashe",1.4670827651007501E-2,5.8942940121295001E-2,0.24276175762806201,0.62539999999999996,7.6499999999999999E-2,0.245]
[null,null,"6006","060","Avery",9.7052774518463798E-3,5.5280055635390402E-2,0.119828545437766,0.62539999999999996,7.6499999999999999E-2,0.245]
[null,null,"6007","070","Beaufort",1.30739859712386E-2,2.59763480762937E-2,0.22167102492698501,0.62539999999999996,7.6499999999999999E-2,0.245]
[null,null,"6008","080","Bertie",7.3004529776619798E-3,1.9529887643776001E-2,9.0088671117492899E-2,0.62539999999999996,7.6499999999999999E-2,0.245]
[null,null,"6009","090","Bladen",8.3163813754724408E-3,2.6390285044684301E-2,0.120832525573202,0.62539999999999996,7.6499999999999999E-2,0.245]
[null,null,"6010","100","Brunswick",1.13681408890036E-2,2.8724282185580801E-2,0.19561899013770401,0.62539999999999996,7.6499999999999999E-2,0.245]
[null,null,"6011","110","Buncombe",8.8981899064326207E-3,6.0718731265187099E-2,0.22293878752832599,0.62539999999999996,7.6499999999999999E-2,0.245]
[null,null,"6011","111","Asheville",8.8981899064326207E-3,6.0718731265187099E-2,0.22293878752832599,0.62539999999999996,7.6499999999999999E-2,0.245]
[null,null,"6012","120","Burke",1.47326955333523E-2,4.9622988724009102E-2,0.199067529353506,0.62539999999999996,7.6499999999999999E-2,0.245]
[null,null,"6013","130","Cabarrus",9.9196238195995903E-3,4.5019833374402497E-2,0.247236082119416,0.62539999999999996,7.6499999999999999E-2,0.245]
[null,null,"6013","132","Kannapolis",9.9196238195995903E-3,4.5019833374402497E-2,0.247236082119416,0.62539999999999996,7.6499999999999999E-2,0.245]
[null,null,"6014","140","Caldwell",1.1200811800023899E-2,5.9946365292540202E-2,0.15398023688177201,0.62539999999999996,7.6499999999999999E-2,0.245]
[null,null,"6015","150","Camden",8.4791794064955506E-3,5.4893292729770199E-2,0.14856930825417999,0.62539999999999996,7.6499999999999999E-2,0.245]
[null,null,"6016","160","Carteret",7.5849959283387598E-3,3.27436841905916E-2,0.14587399865540501,0.62539999999999996,7.6499999999999999E-2,0.245]
[null,null,"6017","170","Caswell",7.1530778234314904E-3,2.54909961410093E-2,9.5680184449435296E-2,0.62539999999999996,7.6499999999999999E-2,0.245]
[null,null,"6018","180","Catawba",9.5057529372758309E-3,2.3916790907150098E-2,0.17654907206894899,0.62539999999999996,7.6499999999999999E-2,0.245]
[null,null,"6018","181","Hickory",9.5057529372758309E-3,2.3916790907150098E-2,0.17654907206894899,0.62539999999999996,7.6499999999999999E-2,0.245]
[null,null,"6018","182","Newton Conover",9.5057529372758309E-3,2.3916790907150098E-2,0.17654907206894899,0.62539999999999996,7.6499999999999999E-2,0.245]
[null,null,"6019","190","Chatham",9.3011740246578701E-3,3.4386878569858399E-2,0.11625714903145801,0.62539999999999996,7.6499999999999999E-2,0.245]
[null,null,"6020","200","Cherokee",1.6184972306406101E-2,6.1975781168356101E-2,0.12420117044623299,0.62539999999999996,7.6499999999999999E-2,0.245]
[null,null,"6021","210","Chowan",1.2949556617733201E-2,4.3686752823700999E-2,0.300641307472029,0.62539999999999996,7.6499999999999999E-2,0.245]
[null,null,"6022","220","Clay",1.3029915314893101E-2,1.90077844425161E-2,0.15211915454240299,0.62539999999999996,7.6499999999999999E-2,0.245]
[null,null,"6023","230","Cleveland",9.5733835301967905E-3,4.7525283257791602E-2,0.12739697921543999,0.62539999999999996,7.6499999999999999E-2,0.245]
[null,null,"6024","240","Columbus",3.0626869637840701E-2,4.6534059676562101E-2,0.10915168931744,0.62539999999999996,7.6499999999999999E-2,0.245]
[null,null,"6024","241","Whiteville",3.0626869637840701E-2,4.6534059676562101E-2,0.10915168931744,0.62539999999999996,7.6499999999999999E-2,0.245]
[null,null,"6025","250","Craven",9.3430018421406299E-3,2.88747016827746E-2,0.21216642966942001,0.62539999999999996,7.6499999999999999E-2,0.245]
[null,null,"6026","260","Cumberland",8.4647877265501201E-3,4.35396941924956E-2,0.23487991382444001,0.62539999999999996,7.6499999999999999E-2,0.245]
[null,null,"6027","270","Currituck",8.6282233744338997E-3,2.1993644025746099E-2,0.107190073285177,0.62539999999999996,7.6499999999999999E-2,0.245]
[null,null,"6028","280","Dare",9.6010352201026296E-3,5.4840863840677101E-2,0.17055135464967999,0.62539999999999996,7.6499999999999999E-2,0.245]
[null,null,"6029","290","Davidson",7.9464298685572206E-3,4.9699303603673702E-2,0.168557769959331,0.62539999999999996,7.6499999999999999E-2,0.245]
[null,null,"6029","291","Lexington",7.9464298685572206E-3,4.9699303603673702E-2,0.168557769959331,0.62539999999999996,7.6499999999999999E-2,0.245]
[null,null,"6029","292","Thomasville",7.9464298685572206E-3,4.9699303603673702E-2,0.168557769959331,0.62539999999999996,7.6499999999999999E-2,0.245]
[null,null,"6030","300","Davie",8.0470634874848894E-3,3.2978818768000497E-2,8.0551342188061606E-2,0.62539999999999996,7.6499999999999999E-2,0.245]
[null,null,"6031","310","Duplin",1.03468243621389E-2,2.6462664863693301E-2,0.15138715187355001,0.62539999999999996,7.6499999999999999E-2,0.245]
[null,null,"6032","320","Durham",1.08866356053487E-2,4.3724031724331702E-2,0.229765598498576,0.62539999999999996,7.6499999999999999E-2,0.245]
[null,null,"6033","330","Edgecombe",1.1848844960691799E-2,3.96834581537992E-2,0.172684055876865,0.62539999999999996,7.6499999999999999E-2,0.245]
[null,null,"6034","340","Forsyth",1.01950503953706E-2,7.23828572214468E-2,0.11938876639606399,0.62539999999999996,7.6499999999999999E-2,0.245]
[null,null,"6035","350","Franklin",1.1044834623244199E-2,3.1519646070580297E-2,0.169572335284532,0.62539999999999996,7.6499999999999999E-2,0.245]
[null,null,"6036","360","Gaston",9.5134591949189006E-3,6.0021712557751301E-2,0.26549091755335102,0.62539999999999996,7.6499999999999999E-2,0.245]
[null,null,"6037","370","Gates",8.9613613151589E-3,2.7167773107593201E-2,0.25641189063911701,0.62539999999999996,7.6499999999999999E-2,0.245]
[null,null,"6038","380","Graham",3.74276635250938E-3,8.6679640767186206E-2,0.114396596057967,0.62539999999999996,7.6499999999999999E-2,0.245]
[null,null,"6039","390","Granville",8.2500877304671604E-3,2.0791142483595201E-2,0.117016473142055,0.62539999999999996,7.6499999999999999E-2,0.245]
[null,null,"6040","400","Greene",1.2025933609958499E-2,3.10938874094259E-2,0.16174018393509601,0.62539999999999996,7.6499999999999999E-2,0.245]
[null,null,"6041","410","Guilford",1.0666795293463E-2,5.3892431269830003E-2,0.180799802499611,0.62539999999999996,7.6499999999999999E-2,0.245]
[null,null,"6042","420","Halifax",9.8722445765094501E-3,3.0945483314025302E-2,0.142144784104175,0.62539999999999996,7.6499999999999999E-2,0.245]
[null,null,6042,421,"Roanoke",9.8722445765094501E-3,3.0945483314025302E-2,0.142144784104175,0.62539999999999996,7.6499999999999999E-2,0.245]
[null,null,6042,422,"Weldon",9.8722445765094501E-3,3.0945483314025302E-2,0.142144784104175,0.62539999999999996,7.6499999999999999E-2,0.245]
[null,null,"6043","430","Harnett",1.04576894328192E-2,3.1266817113775901E-2,0.14704787365303901,0.62539999999999996,7.6499999999999999E-2,0.245]
[null,null,"6044","440","Haywood",8.4512523929702703E-3,7.04247701886207E-2,8.9934261585425404E-2,0.62539999999999996,7.6499999999999999E-2,0.245]
[null,null,"6045","450","Henderson",8.0319899550099806E-3,5.49027650276541E-2,0.362845950897904,0.62539999999999996,7.6499999999999999E-2,0.245]
[null,null,"6046","460","Hertford",8.7624469997577507E-3,2.3949309597913599E-2,0.13689911927161799,0.62539999999999996,7.6499999999999999E-2,0.245]
[null,null,"6047","470","Hoke",3.52753018698534E-2,5.6145229718913503E-2,0.138912860450431,0.62539999999999996,7.6499999999999999E-2,0.245]
[null,null,"6048","480","Hyde",9.8904918213665108E-3,3.6183074504179E-2,0.180378106639451,0.62539999999999996,7.6499999999999999E-2,0.245]
[null,null,"6049","490","Iredell",9.5929542276026198E-3,5.0335819364204601E-2,0.18453845223255699,0.62539999999999996,7.6499999999999999E-2,0.245]
[null,null,"6049","491","Mooresville",9.5929542276026198E-3,5.0335819364204601E-2,0.18453845223255699,0.62539999999999996,7.6499999999999999E-2,0.245]
[null,null,"6050","500","Jackson",1.2259614278417199E-2,5.7831639109646699E-2,0.19732774369900599,0.62539999999999996,7.6499999999999999E-2,0.245]
[null,null,"6051","510","Johnston",8.8013109034020594E-3,2.2951672840655999E-2,0.244506715312862,0.62539999999999996,7.6499999999999999E-2,0.245]
[null,null,"6052","520","Jones",5.7456287685223803E-3,3.2220887581393298E-2,0.11315285143751,0.62539999999999996,7.6499999999999999E-2,0.245]
[null,null,"6053","530","Lee",8.4096744776991101E-3,3.9639097513243203E-2,0.22478258553029301,0.62539999999999996,7.6499999999999999E-2,0.245]
[null,null,"6054","540","Lenoir",8.0131451228139406E-3,5.0697884276853698E-2,0.200749420068111,0.62539999999999996,7.6499999999999999E-2,0.245]
[null,null,"6055","550","Lincoln",5.9301080593711798E-3,2.1215317859850698E-2,0.16504728451308401,0.62539999999999996,7.6499999999999999E-2,0.245]
[null,null,"6056","560","Macon",7.4661926856741303E-3,0.104866682511961,0.32080885407516901,0.62539999999999996,7.6499999999999999E-2,0.245]
[null,null,"6057","570","Madison",1.7151003503224502E-2,9.60473526500525E-2,0.43286880981578502,0.62539999999999996,7.6499999999999999E-2,0.245]
[null,null,"6058","580","Martin",1.2858369281279499E-2,4.0964900238406897E-2,0.105114514591547,0.62539999999999996,7.6499999999999999E-2,0.245]
[null,null,"6059","590","McDowell",1.04474866124199E-2,4.11118387012189E-2,0.13436866289659699,0.62539999999999996,7.6499999999999999E-2,0.245]
[null,null,"6060","600","Mecklenburg",3.4221343450543599E-3,4.8465585636990799E-2,0.28470844215947499,0.62539999999999996,7.6499999999999999E-2,0.245]
[null,null,"6061","610","Mitchell",1.01350632847899E-2,4.7425972679696997E-2,0.213289906201408,0.62539999999999996,7.6499999999999999E-2,0.245]
[null,null,"6062","620","Montgomery",6.2291510574254702E-3,2.02150616233263E-2,6.7593583655525494E-2,0.62539999999999996,7.6499999999999999E-2,0.245]
[null,null,"6063","630","Moore",1.23812107639344E-2,2.5176670994794301E-2,0.13423295650827299,0.62539999999999996,7.6499999999999999E-2,0.245]
[null,null,"6064","640","Nash",1.3357288165672001E-2,4.52942368779439E-2,0.199231312599253,0.62539999999999996,7.6499999999999999E-2,0.245]
[null,null,"6065","650","New Hanover",1.0010185388564199E-2,2.3031373623512E-2,0.26160690468804099,0.62539999999999996,7.6499999999999999E-2,0.245]
[null,null,"6066","660","Northampton",1.1971602259687301E-2,1.5776436156429999E-2,6.0185584761558997E-2,0.62539999999999996,7.6499999999999999E-2,0.245]
[null,null,"6067","670","Onslow",6.5189187747269504E-3,2.4228152337191802E-2,0.18173208780912301,0.62539999999999996,7.6499999999999999E-2,0.245]
[null,null,"6068","680","Orange",8.4854863246074108E-3,4.2615881262884098E-2,9.2502901191634901E-2,0.62539999999999996,7.6499999999999999E-2,0.245]
[null,null,"6068","680","Chapel Hill-Carrboro",8.4854863246074108E-3,4.2615881262884098E-2,9.2502901191634901E-2,0.62539999999999996,7.6499999999999999E-2,0.245]
[null,null,"6069","690","Pamlico",1.1253299751599E-2,1.36253559404184E-2,0.12971602662304499,0.62539999999999996,7.6499999999999999E-2,0.245]
[null,null,"6070","700","Pasquotank",1.0303676131036501E-2,5.6113306558822303E-2,0.26842707210926198,0.62539999999999996,7.6499999999999999E-2,0.245]
[null,null,"6071","710","Pender",5.5901079083597403E-3,2.91008061594446E-2,0.15017542823866001,0.62539999999999996,7.6499999999999999E-2,0.245]
[null,null,"6072","720","Perquimans",7.9567863706561E-3,4.2846271566633801E-2,0.214551500201487,0.62539999999999996,7.6499999999999999E-2,0.245]
[null,null,"6073","730","Person",1.6093167737860001E-2,5.26181693316101E-2,0.20857194188317499,0.62539999999999996,7.6499999999999999E-2,0.245]
[null,null,"6074","740","Pitt",5.56577682665032E-3,3.4663598945722102E-2,0.20845368444672199,0.62539999999999996,7.6499999999999999E-2,0.245]
[null,null,"6075","750","Polk",8.6606035286177999E-3,4.8957579458174E-2,0.24709046501912099,0.62539999999999996,7.6499999999999999E-2,0.245]
[null,null,"6076","760","Randolph",1.41840205630204E-2,2.4916614380895701E-2,0.17982887387766699,0.62539999999999996,7.6499999999999999E-2,0.245]
[null,null,"6076","761","Asheboro",1.41840205630204E-2,2.4916614380895701E-2,0.17982887387766699,0.62539999999999996,7.6499999999999999E-2,0.245]
[null,null,"6077","770","Richmond",1.52590535556901E-2,6.0142542725889599E-2,0.17798262899008799,0.62539999999999996,7.6499999999999999E-2,0.245]
[null,null,"6078","780","Robeson",1.1530536225801699E-2,1.89248314386407E-2,0.21964940703421801,0.62539999999999996,7.6499999999999999E-2,0.245]
[null,null,"6079","790","Rockingham",7.0938133877470897E-3,3.8390853747520201E-2,0.10755926385935401,0.62539999999999996,7.6499999999999999E-2,0.245]
[null,null,"6080","800","Rowan",8.9651742627345904E-3,3.2066769436997301E-2,0.12741520554066099,0.62539999999999996,7.6499999999999999E-2,0.245]
[null,null,"6081","810","Rutherford",1.01330045923537E-2,5.7435446553242703E-2,0.186588621834434,0.62539999999999996,7.6499999999999999E-2,0.245]
[null,null,"6082","820","Sampson",9.7342024832064705E-3,1.7381407150331499E-2,0.13788988743570399,0.62539999999999996,7.6499999999999999E-2,0.245]
[null,null,6082,821,"Clinton City",9.7342024832064705E-3,1.7381407150331499E-2,0.13788988743570399,0.62539999999999996,7.6499999999999999E-2,0.245]
[null,null,"6083","830","Scotland",8.1062522587639994E-3,2.49861462474401E-2,0.115717184328086,0.62539999999999996,7.6499999999999999E-2,0.245]
[null,null,"6084","840","Stanly",1.56693647993775E-2,4.2303381290344499E-2,0.179183600817372,0.62539999999999996,7.6499999999999999E-2,0.245]
[null,null,"6085","850","Stokes",8.8177876057490296E-3,3.8167944950948197E-2,0.15376956547096399,0.62539999999999996,7.6499999999999999E-2,0.245]
[null,null,"6086","860","Surry",1.1385006949270301E-2,4.8245795691452403E-2,0.133876824183461,0.62539999999999996,7.6499999999999999E-2,0.245]
[null,null,"6086","861","Elkin",1.1385006949270301E-2,4.8245795691452403E-2,0.133876824183461,0.62539999999999996,7.6499999999999999E-2,0.245]
[null,null,"6086","862","Mount Airy",1.1385006949270301E-2,4.8245795691452403E-2,0.133876824183461,0.62539999999999996,7.6499999999999999E-2,0.245]
[null,null,"6087","870","Swain",1.0994299107633301E-2,7.0724961444714393E-2,9.3573902039055801E-2,0.62539999999999996,7.6499999999999999E-2,0.245]
[null,null,"6088","880","Transylvania",4.3998154125294E-3,4.6076991853504702E-2,0.24027640924930099,0.62539999999999996,7.6499999999999999E-2,0.245]
[null,null,"6089","890","Tyrell",1.6009765423652601E-2,6.3622484841101001E-2,0.18423577593882101,0.62539999999999996,7.6499999999999999E-2,0.245]
[null,null,"6090","900","Union",9.8882180315768599E-3,3.2694463449455903E-2,0.19424607799490701,0.62539999999999996,7.6499999999999999E-2,0.245]
[null,null,"6091","910","Vance",1.6592246467052901E-2,3.0964383561643799E-2,0.15660056310574499,0.62539999999999996,7.6499999999999999E-2,0.245]
[null,null,"6092","920","Wake",3.1439637000291502E-3,4.0328505387426702E-2,0.32225178213302602,0.62539999999999996,7.6499999999999999E-2,0.245]
[null,null,"6093","930","Warren",6.9883426733820401E-3,4.0628865085557998E-2,8.6952937189157697E-2,0.62539999999999996,7.6499999999999999E-2,0.245]
[null,null,"6094","940","Washington",9.3675624118020502E-3,2.19762659132418E-2,0.28908120680369098,0.62539999999999996,7.6499999999999999E-2,0.245]
[null,null,"6095","950","Watauga",9.0551619583215098E-3,7.0080883878699596E-2,0.38545375432474699,0.62539999999999996,7.6499999999999999E-2,0.245]
[null,null,"6096","960","Wayne",9.3420843173841004E-3,3.4844135057433799E-2,0.30010234562907501,0.62539999999999996,7.6499999999999999E-2,0.245]
[null,null,"6097","970","Wilkes",8.1781620516087408E-3,5.9607632762371E-2,0.122945947871569,0.62539999999999996,7.6499999999999999E-2,0.245]
[null,null,"6098","980","Wilson",1.0721772470018801E-2,2.4552114947228199E-2,0.15779221781762101,0.62539999999999996,7.6499999999999999E-2,0.245]
[null,null,"6099","990","Yadkin",1.55160172934281E-2,4.4087912863713698E-2,6.6242654360114006E-2,0.62539999999999996,7.6499999999999999E-2,0.245]
[null,null,"6100",995,"Yancey",7.5819818664667697E-3,7.7446683121808302E-2,0.14905182383299601,0.62539999999999996,7.6499999999999999E-2,0.245]